 25*b - 693 = p*b. Calculate the greatest common divisor of 176 and b.
11
Let v(i) = 24*i + 1. Let p be v(1). Let y(b) = -10 - b - 22 - p + 94. Let s be y(6). Calculate the highest common divisor of 62 and s.
31
Let h = 6479 - 6477. Suppose 2*d + 0*d - 2 = -x, 0 = 4*x + 4*d - 12. Calculate the greatest common factor of x and h.
2
Suppose -36*t + 15 = -41*t. Let s(y) = 9*y**2 + 13*y + 28. Let n be s(t). Calculate the greatest common divisor of 28 and n.
14
Suppose 0 = -48*c + 45*c + 27. Suppose 2*t + 6 = 10, 3*n + 3*t = c. Let z = 24 + -17. What is the highest common divisor of n and z?
1
Suppose -164 - 56 = 5*i. Let h be (3 + -2 + i)*(-3 + 2). Calculate the highest common factor of 387 and h.
43
Let v(h) = h**3 + 7*h**2 + 5*h + 2. Suppose 13 = -5*n - 7. Let r be ((-6)/n)/((-9)/24). Let w be v(r). What is the greatest common divisor of w and 40?
10
Let j = -1359 + 1446. Suppose 160 = 4*n - 4*x, -5*x = 4*n - n - 160. Let l = j - n. What is the greatest common factor of 42 and l?
42
Suppose 557*p - 36 = 553*p. Suppose 2*k + p*c - 4*c = 17, -4*k + 70 = -2*c. What is the highest common divisor of k and 1?
1
Suppose -160*u = -149*u - 1089. Calculate the highest common divisor of u and 261.
9
Suppose 38*o = 50*o. Suppose 3*m - 109 + 13 = o. Let x(p) = p**2 + p + 48. Let u be x(0). What is the greatest common factor of u and m?
16
Suppose -114 = -u - 5*m, -4*u + 3*m + 189 = -221. Let d = 19 + 131. Let x = d + -137. Calculate the highest common factor of x and u.
13
Let m be 2/(-8) + 66/8. Suppose -4*k + k - 2*f + 79 = 0, 5*k + 4*f = 131. Let c = k + -19. Calculate the highest common divisor of c and m.
8
Suppose 49*p + 133*p - 51870 = 0. What is the greatest common factor of 665 and p?
95
Let z(u) = 6 - 25*u**2 - u - 1 + 205*u**2 - 5*u. Let v be z(1). Suppose y = l - 171, 3*y - 8*y - v = -l. Calculate the greatest common divisor of 13 and l.
13
Suppose -82 + 530 = 2*c. Let n = 5770 + -5706. Calculate the highest common factor of c and n.
32
Let q = -4646 - -4736. What is the greatest common factor of q and 2310?
30
Suppose 1051*n + 45840 = 1055*n. What is the highest common divisor of 191 and n?
191
Suppose 3*y - 9 = 2*y. Let t(j) = -47*j**3 - 2*j**2 + j + 1. Suppose 0 = -44*n + 41*n - 3. Let w be t(n). Calculate the greatest common divisor of w and y.
9
Suppose 6*l - 268 = 2*l. Let w(z) = -32*z + 7 - 1 + l*z - 29*z. Let u be w(3). What is the greatest common divisor of 8 and u?
8
Let h be (-1 + 8*-1)*(-1)/(-3). Let s = -1 + h. Let f be s/18 + (-303)/(-27). Calculate the highest common divisor of 77 and f.
11
Suppose 80*l + 54398 - 188158 = 0. Calculate the highest common divisor of 57 and l.
19
Let a = -38 - -22. Let y(c) = -c**2 - 19*c + 40. Let h be y(-19). Let v = h + a. Calculate the greatest common divisor of 72 and v.
24
Let c be 14*(-75)/700*-42. What is the greatest common divisor of 973 and c?
7
Suppose 141*t - 27519 - 35481 = -34*t. What is the greatest common divisor of t and 112?
8
Let j(a) = -a + 41. Let k be j(18). Suppose -83 = -4*n - k. Suppose 3*r - 159 = 21. What is the highest common divisor of n and r?
15
Let g = -12876 + 14640. What is the greatest common divisor of g and 490?
98
Let w(j) = 3*j - 8. Suppose -2*o + 15 + 1 = 0. Suppose -7*c - 10 = -o*c. Let g be w(c). What is the greatest common divisor of 33 and g?
11
Let o = -21 + 25. Suppose x = o + 5. Suppose -569 = -x*n - 11. Calculate the highest common divisor of n and 31.
31
Suppose 0 = c + 278*b - 283*b - 33, c + 3*b - 9 = 0. Calculate the highest common factor of 198 and c.
18
Suppose 0 = -3001*c + 2998*c + 435. What is the greatest common factor of 90 and c?
5
Suppose 0 = 7*b - 0 - 7. Let j be b + (-3 - (-8 + 4))*349. Suppose 12*f - j = 82. What is the greatest common divisor of 24 and f?
12
Suppose 406*c - 405*c - 2*l - 35 = 0, -450 = -8*c - l. Suppose 4*a - 1925 = -a. Calculate the greatest common divisor of c and a.
55
Let c = 80 + 301. Let g = -82 + c. What is the greatest common factor of 13 and g?
13
Suppose -5*x - 4*f + 2504 = -1171, 0 = 5*x - 4*f - 3635. Calculate the greatest common divisor of x and 85.
17
Let q be ((-69)/(-18) - 3)*6. Suppose 3*s + 65 = 2*j - 95, 0 = q*j + 3*s - 400. Calculate the greatest common factor of 60 and j.
20
Let v(p) = -2*p + 27. Suppose -21 = -b + 4*b. Let s be v(b). Suppose -g + 652 = 4*q, -4*q = q - 3*g - 832. What is the greatest common factor of q and s?
41
Suppose -13*x = -8 - 31. Let n be (-8274)/(-18) - (-1)/x - -5. What is the greatest common divisor of n and 15?
15
Let f = -10618 - -23819. Calculate the highest common divisor of 43 and f.
43
Suppose -p + 49 = 45, 0 = -4*z + 3*p + 90260. What is the greatest common divisor of 156 and z?
52
Let u(a) = -40*a - 1. Let n(l) = l. Let x(f) = -3*n(f) + u(f). Let w be x(-2). What is the highest common divisor of w and 34?
17
Let d be (-1388)/(-2)*((-462)/28 - -19). What is the highest common factor of 5 and d?
5
Let l = 699 + -673. Let j = -87 + 126. Calculate the highest common divisor of j and l.
13
Suppose -11*j + 20 + 41 + 71 = 0. What is the greatest common factor of j and 76?
4
Let y be 3922*5/50*5. What is the greatest common divisor of y and 37?
37
Suppose 0 = -15*t + 402 + 438. Suppose 44*y - t = 40*y. Calculate the greatest common divisor of y and 378.
14
Let u be 76/6 - 4/6. Suppose 12*h + 22 = -50. Let t(d) = 9*d + 63. Let x be t(h). Calculate the highest common factor of x and u.
3
Suppose 3*h + c = 490, 13*c - 805 = -5*h + 9*c. What is the greatest common factor of 33 and h?
33
Let b = -27 - -29. Suppose 20 + 4 = b*w. Suppose 4*p - 24 = -5*l, 0*l + 2*l - 2*p - 6 = 0. What is the highest common factor of l and w?
4
Let k(j) = -4*j - 4. Let w be k(1). Let r(l) = l**2 + 4*l + 5. Let m be r(w). Suppose -4*u + 5*u = m. What is the highest common divisor of 259 and u?
37
Let q = 9101 - -7526. Calculate the highest common factor of 26 and q.
13
Let o(m) = -m**3 + 12*m**2 - 37*m + 31*m + 2 - m**2. Let g be (6/(-10))/((-7)/210*2). Let k be o(g). Calculate the greatest common divisor of 10 and k.
10
Let a be (4 + -5 - 0)/1 + 3087/9. Calculate the greatest common factor of a and 702.
18
Let y be 1 + 667 - 1 - -5. Let m = y - 631. What is the highest common factor of m and 533?
41
Let h(v) = -20*v - 12. Let d be h(-3). Let g = d + -46. Let l be (42/35)/(0 - g/(-40)). What is the highest common divisor of l and 6?
6
Let s(c) = -c**3 - 7*c**2 - 3*c - 7. Let a be s(-7). Let b be 1035/95 - (-24)/228. Suppose b*r = a*r - 21. Calculate the highest common factor of r and 56.
7
Suppose -34*n - 30625 + 48271 = 0. Calculate the greatest common factor of 3 and n.
3
Let k(q) = -3*q**2 + 14*q + 19. Let t be k(-9). Let p = -285 - t. What is the highest common divisor of 20 and p?
5
Let o(i) = i**3 + 18*i**2 - 152*i - 156. Let r be o(-24). Calculate the highest common factor of 12708 and r.
36
Suppose -5*x + x + 8 = 0. Let j(a) = 6*a**2 - 18*a**3 + 8*a + x*a - a + 17*a**3 + 9. Let z be j(7). Calculate the greatest common divisor of 253 and z.
23
Let u be 426*((-4)/(-10))/(21/70 - 0). Calculate the greatest common divisor of u and 32.
8
Let y = 307 + -284. Suppose 0 = -28*p + y*p + 240. What is the highest common divisor of p and 768?
48
Let s = 1 - -2. Let w be (1 - 3)/(-3 - -2). Let b be (-8 + w)*(-5 + 65/15). Calculate the greatest common factor of s and b.
1
Let h(l) be the third derivative of 61*l**6/24 + l**5/30 - l**4/24 - l**3/6 - 169*l**2. Let p be h(1). What is the greatest common factor of p and 61?
61
Let l = -39345 + 66379. What is the greatest common factor of 28 and l?
14
Let w(b) = -b**2 + 13*b. Let y be w(11). Suppose 4*h + 0*n - 5*n - 647 = 0, -2*h + 321 = -3*n. Let r = 256 - h. Calculate the highest common divisor of r and y.
22
Let o = -170 + 569. What is the greatest common divisor of o and 551?
19
Let l be 14 + (210/15 - 17). What is the highest common divisor of l and 2321?
11
Let o be -5 - ((-3528)/105 - (-6)/10). What is the highest common factor of o and 9?
1
Let b(g) = 2*g**2 + 6*g + 22. Let k be b(-7). Let t = k + -86. Let l be -6 + (-4 - t)/2 + 17. Calculate the greatest common factor of 65 and l.
13
Let m be 66 + -54 - (0 + 1 + 2). Suppose -13 = -4*c - 41. Let s = 2 - c. Calculate the greatest common divisor of s and m.
9
Let h(w) = -w**2 - 35*w - 15. Let s be h